{"id":5,"date":"2022-10-24T17:41:36","date_gmt":"2022-10-24T15:41:36","guid":{"rendered":"http:\/\/juliette-massages.fr\/?page_id=5"},"modified":"2025-04-16T21:30:17","modified_gmt":"2025-04-16T19:30:17","slug":"accueil","status":"publish","type":"page","link":"https:\/\/juliette-massages.fr\/","title":{"rendered":"Accueil"},"content":{"rendered":"\n<p>Bienvenue, <\/p>\n\n\n\n<p>Accordez-vous une pause bien-\u00eatre !<\/p>\n\n\n\n<p>Un massage r\u00e9confortant, aux huiles v\u00e9g\u00e9tales bio, dans une ambiance chaleureuse. <\/p>\n\n\n\n<p>Pour quelques minutes ou pour une heure, reconnectez-vous avec votre corps et d\u00e9tendez-vous.<\/p>\n\n\n\n<p>Je propose des massages vari\u00e9s, adapt\u00e9s \u00e0 vos besoins : du plus doux et cocooning au plus appuy\u00e9 et tonique, pour les femmes, les hommes et les enfants \u00e0 partir de 9 ans. <\/p>\n\n\n\n<p>Des cartes cadeaux sont disponibles toute l&rsquo;ann\u00e9e et sont valables 1 an, choisissez simplement la dur\u00e9e du massage que vous souhaitez offrir. <\/p>\n\n\n\n<p>Je vous accueille \u00e0 mon domicile, au 1 rue de l&rsquo;\u00e9glise \u00e0 Clermont-Cr\u00e9ans, du lundi au vendredi de 09 h 30 \u00e0 18 h. L&rsquo;entr\u00e9e principale se situe rue Nationale.<\/p>\n\n\n\n<p> <a href=\"http:\/\/juliette-massages.fr\/index.php\/contact\/\">Contactez moi<\/a> pour tout renseignement compl\u00e9mentaire.<\/p>\n\n\n\n<p>Bonne visite !<\/p>\n\n\n<div class=\"wp-block-image is-resized is-style-rounded\">\n<figure class=\"aligncenter size-large\"><img loading=\"lazy\" decoding=\"async\" width=\"1024\" height=\"768\" src=\"https:\/\/juliette-massages.fr\/wp-content\/uploads\/2023\/02\/Massages-1024x768.jpg\" alt=\"\" class=\"wp-image-378\" srcset=\"https:\/\/juliette-massages.fr\/wp-content\/uploads\/2023\/02\/Massages-1024x768.jpg 1024w, https:\/\/juliette-massages.fr\/wp-content\/uploads\/2023\/02\/Massages-300x225.jpg 300w, https:\/\/juliette-massages.fr\/wp-content\/uploads\/2023\/02\/Massages-768x576.jpg 768w, https:\/\/juliette-massages.fr\/wp-content\/uploads\/2023\/02\/Massages-1536x1152.jpg 1536w, https:\/\/juliette-massages.fr\/wp-content\/uploads\/2023\/02\/Massages-80x60.jpg 80w, https:\/\/juliette-massages.fr\/wp-content\/uploads\/2023\/02\/Massages.jpg 2048w\" sizes=\"auto, (max-width: 1024px) 100vw, 1024px\" \/><\/figure>\n<\/div>\n\n\n<p class=\"has-text-align-center\">\u00c0 bient\u00f4t !<\/p>\n\n\n<div class=\"wp-block-image is-resized\">\n<figure class=\"aligncenter size-large\"><a href=\"https:\/\/www.facebook.com\/profile.php?id=100088019510627\"><img loading=\"lazy\" decoding=\"async\" width=\"1024\" height=\"1024\" src=\"http:\/\/juliette-massages.fr\/wp-content\/uploads\/2023\/01\/logo-facebook-png-1024x1024.png\" alt=\"\" class=\"wp-image-252\" style=\"width:61px;height:auto\" srcset=\"https:\/\/juliette-massages.fr\/wp-content\/uploads\/2023\/01\/logo-facebook-png-1024x1024.png 1024w, https:\/\/juliette-massages.fr\/wp-content\/uploads\/2023\/01\/logo-facebook-png-300x300.png 300w, https:\/\/juliette-massages.fr\/wp-content\/uploads\/2023\/01\/logo-facebook-png-150x150.png 150w, https:\/\/juliette-massages.fr\/wp-content\/uploads\/2023\/01\/logo-facebook-png-768x768.png 768w, https:\/\/juliette-massages.fr\/wp-content\/uploads\/2023\/01\/logo-facebook-png-60x60.png 60w, https:\/\/juliette-massages.fr\/wp-content\/uploads\/2023\/01\/logo-facebook-png.png 1200w\" sizes=\"auto, (max-width: 1024px) 100vw, 1024px\" \/><\/a><\/figure>\n<\/div>\n\n\n<p class=\"has-text-align-center\">Si vous le souhaitez, laissez moi un avis en cliquant sur le lien ci-dessous, merci !<\/p>\n\n\n<div class=\"wp-block-image\">\n<figure class=\"aligncenter size-full is-resized\"><a href=\"https:\/\/g.page\/r\/CQ1XYOkAuIEsEBE\/review\" target=\"_blank\" rel=\" noreferrer noopener\"><img loading=\"lazy\" decoding=\"async\" width=\"489\" height=\"561\" src=\"https:\/\/juliette-massages.fr\/wp-content\/uploads\/2025\/04\/google.png\" alt=\"\" class=\"wp-image-447\" style=\"width:95px;height:auto\" srcset=\"https:\/\/juliette-massages.fr\/wp-content\/uploads\/2025\/04\/google.png 489w, https:\/\/juliette-massages.fr\/wp-content\/uploads\/2025\/04\/google-261x300.png 261w, https:\/\/juliette-massages.fr\/wp-content\/uploads\/2025\/04\/google-52x60.png 52w\" sizes=\"auto, (max-width: 489px) 100vw, 489px\" \/><\/a><\/figure>\n<\/div>","protected":false},"excerpt":{"rendered":"<p>Bienvenue, Accordez-vous une pause bien-\u00eatre ! Un massage r\u00e9confortant, aux huiles v\u00e9g\u00e9tales bio, dans une ambiance chaleureuse. Pour quelques minutes ou pour une heure, reconnectez-vous &hellip; <\/p>\n","protected":false},"author":1,"featured_media":0,"parent":0,"menu_order":0,"comment_status":"closed","ping_status":"closed","template":"","meta":{"footnotes":""},"class_list":["post-5","page","type-page","status-publish","hentry","latest_post"],"yoast_head":"<!-- This site is optimized with the Yoast SEO plugin v20.10 - https:\/\/yoast.com\/wordpress\/plugins\/seo\/ -->\n<title>Accueil - Les massages de Juliette<\/title>\n<meta name=\"description\" content=\"Bienvenue, Les massages de Juliette vous accueille \u00e0 Clermont-cr\u00e9ans pr\u00e8s de La Fl\u00e8che (72) pour une pause bien-\u00eatre : Californien, Oriental, Balinais, Cr\u00e2nien, Femme enceinte,...\" \/>\n<meta name=\"robots\" content=\"index, follow, max-snippet:-1, max-image-preview:large, max-video-preview:-1\" \/>\n<link rel=\"canonical\" href=\"https:\/\/juliette-massages.fr\/\" \/>\n<meta property=\"og:locale\" content=\"fr_FR\" \/>\n<meta property=\"og:type\" content=\"article\" \/>\n<meta property=\"og:title\" content=\"Accueil - Les massages de Juliette\" \/>\n<meta property=\"og:description\" content=\"Bienvenue, Les massages de Juliette vous accueille \u00e0 Clermont-cr\u00e9ans pr\u00e8s de La Fl\u00e8che (72) pour une pause bien-\u00eatre : Californien, Oriental, Balinais, Cr\u00e2nien, Femme enceinte,...\" \/>\n<meta property=\"og:url\" content=\"https:\/\/juliette-massages.fr\/\" \/>\n<meta property=\"og:site_name\" content=\"Les massages de Juliette\" \/>\n<meta property=\"article:publisher\" content=\"https:\/\/www.facebook.com\/profile.php?id=100088019510627\" \/>\n<meta property=\"article:modified_time\" content=\"2025-04-16T19:30:17+00:00\" \/>\n<meta property=\"og:image\" content=\"https:\/\/juliette-massages.fr\/wp-content\/uploads\/2023\/02\/Massages-1024x768.jpg\" \/>\n<meta name=\"twitter:card\" content=\"summary_large_image\" \/>\n<meta name=\"twitter:label1\" content=\"Dur\u00e9e de lecture estim\u00e9e\" \/>\n\t<meta name=\"twitter:data1\" content=\"2 minutes\" \/>\n<script type=\"application\/ld+json\" class=\"yoast-schema-graph\">{\"@context\":\"https:\/\/schema.org\",\"@graph\":[{\"@type\":\"WebPage\",\"@id\":\"https:\/\/juliette-massages.fr\/\",\"url\":\"https:\/\/juliette-massages.fr\/\",\"name\":\"Accueil - Les massages de Juliette\",\"isPartOf\":{\"@id\":\"https:\/\/juliette-massages.fr\/#website\"},\"datePublished\":\"2022-10-24T15:41:36+00:00\",\"dateModified\":\"2025-04-16T19:30:17+00:00\",\"description\":\"Bienvenue, Les massages de Juliette vous accueille \u00e0 Clermont-cr\u00e9ans pr\u00e8s de La Fl\u00e8che (72) pour une pause bien-\u00eatre : Californien, Oriental, Balinais, Cr\u00e2nien, Femme enceinte,...\",\"breadcrumb\":{\"@id\":\"https:\/\/juliette-massages.fr\/#breadcrumb\"},\"inLanguage\":\"fr-FR\",\"potentialAction\":[{\"@type\":\"ReadAction\",\"target\":[\"https:\/\/juliette-massages.fr\/\"]}]},{\"@type\":\"BreadcrumbList\",\"@id\":\"https:\/\/juliette-massages.fr\/#breadcrumb\",\"itemListElement\":[{\"@type\":\"ListItem\",\"position\":1,\"name\":\"Accueil\",\"item\":\"https:\/\/juliette-massages.fr\/\"},{\"@type\":\"ListItem\",\"position\":2,\"name\":\"Accueil\"}]},{\"@type\":\"WebSite\",\"@id\":\"https:\/\/juliette-massages.fr\/#website\",\"url\":\"https:\/\/juliette-massages.fr\/\",\"name\":\"Juliette-massages\",\"description\":\"Massages Bien \u00eatre\",\"publisher\":{\"@id\":\"https:\/\/juliette-massages.fr\/#organization\"},\"potentialAction\":[{\"@type\":\"SearchAction\",\"target\":{\"@type\":\"EntryPoint\",\"urlTemplate\":\"https:\/\/juliette-massages.fr\/?s={search_term_string}\"},\"query-input\":\"required name=search_term_string\"}],\"inLanguage\":\"fr-FR\"},{\"@type\":\"Organization\",\"@id\":\"https:\/\/juliette-massages.fr\/#organization\",\"name\":\"Les massages de Juliette\",\"url\":\"https:\/\/juliette-massages.fr\/\",\"logo\":{\"@type\":\"ImageObject\",\"inLanguage\":\"fr-FR\",\"@id\":\"https:\/\/juliette-massages.fr\/#\/schema\/logo\/image\/\",\"url\":\"https:\/\/juliette-massages.fr\/wp-content\/uploads\/2023\/01\/Logo-entete-site.png\",\"contentUrl\":\"https:\/\/juliette-massages.fr\/wp-content\/uploads\/2023\/01\/Logo-entete-site.png\",\"width\":2400,\"height\":400,\"caption\":\"Les massages de Juliette\"},\"image\":{\"@id\":\"https:\/\/juliette-massages.fr\/#\/schema\/logo\/image\/\"},\"sameAs\":[\"https:\/\/www.facebook.com\/profile.php?id=100088019510627\"]}]}<\/script>\n<!-- \/ Yoast SEO plugin. -->","yoast_head_json":{"title":"Accueil - Les massages de Juliette","description":"Bienvenue, Les massages de Juliette vous accueille \u00e0 Clermont-cr\u00e9ans pr\u00e8s de La Fl\u00e8che (72) pour une pause bien-\u00eatre : Californien, Oriental, Balinais, Cr\u00e2nien, Femme enceinte,...","robots":{"index":"index","follow":"follow","max-snippet":"max-snippet:-1","max-image-preview":"max-image-preview:large","max-video-preview":"max-video-preview:-1"},"canonical":"https:\/\/juliette-massages.fr\/","og_locale":"fr_FR","og_type":"article","og_title":"Accueil - Les massages de Juliette","og_description":"Bienvenue, Les massages de Juliette vous accueille \u00e0 Clermont-cr\u00e9ans pr\u00e8s de La Fl\u00e8che (72) pour une pause bien-\u00eatre : Californien, Oriental, Balinais, Cr\u00e2nien, Femme enceinte,...","og_url":"https:\/\/juliette-massages.fr\/","og_site_name":"Les massages de Juliette","article_publisher":"https:\/\/www.facebook.com\/profile.php?id=100088019510627","article_modified_time":"2025-04-16T19:30:17+00:00","og_image":[{"url":"https:\/\/juliette-massages.fr\/wp-content\/uploads\/2023\/02\/Massages-1024x768.jpg"}],"twitter_card":"summary_large_image","twitter_misc":{"Dur\u00e9e de lecture estim\u00e9e":"2 minutes"},"schema":{"@context":"https:\/\/schema.org","@graph":[{"@type":"WebPage","@id":"https:\/\/juliette-massages.fr\/","url":"https:\/\/juliette-massages.fr\/","name":"Accueil - Les massages de Juliette","isPartOf":{"@id":"https:\/\/juliette-massages.fr\/#website"},"datePublished":"2022-10-24T15:41:36+00:00","dateModified":"2025-04-16T19:30:17+00:00","description":"Bienvenue, Les massages de Juliette vous accueille \u00e0 Clermont-cr\u00e9ans pr\u00e8s de La Fl\u00e8che (72) pour une pause bien-\u00eatre : Californien, Oriental, Balinais, Cr\u00e2nien, Femme enceinte,...","breadcrumb":{"@id":"https:\/\/juliette-massages.fr\/#breadcrumb"},"inLanguage":"fr-FR","potentialAction":[{"@type":"ReadAction","target":["https:\/\/juliette-massages.fr\/"]}]},{"@type":"BreadcrumbList","@id":"https:\/\/juliette-massages.fr\/#breadcrumb","itemListElement":[{"@type":"ListItem","position":1,"name":"Accueil","item":"https:\/\/juliette-massages.fr\/"},{"@type":"ListItem","position":2,"name":"Accueil"}]},{"@type":"WebSite","@id":"https:\/\/juliette-massages.fr\/#website","url":"https:\/\/juliette-massages.fr\/","name":"Juliette-massages","description":"Massages Bien \u00eatre","publisher":{"@id":"https:\/\/juliette-massages.fr\/#organization"},"potentialAction":[{"@type":"SearchAction","target":{"@type":"EntryPoint","urlTemplate":"https:\/\/juliette-massages.fr\/?s={search_term_string}"},"query-input":"required name=search_term_string"}],"inLanguage":"fr-FR"},{"@type":"Organization","@id":"https:\/\/juliette-massages.fr\/#organization","name":"Les massages de Juliette","url":"https:\/\/juliette-massages.fr\/","logo":{"@type":"ImageObject","inLanguage":"fr-FR","@id":"https:\/\/juliette-massages.fr\/#\/schema\/logo\/image\/","url":"https:\/\/juliette-massages.fr\/wp-content\/uploads\/2023\/01\/Logo-entete-site.png","contentUrl":"https:\/\/juliette-massages.fr\/wp-content\/uploads\/2023\/01\/Logo-entete-site.png","width":2400,"height":400,"caption":"Les massages de Juliette"},"image":{"@id":"https:\/\/juliette-massages.fr\/#\/schema\/logo\/image\/"},"sameAs":["https:\/\/www.facebook.com\/profile.php?id=100088019510627"]}]}},"_links":{"self":[{"href":"https:\/\/juliette-massages.fr\/index.php\/wp-json\/wp\/v2\/pages\/5","targetHints":{"allow":["GET"]}}],"collection":[{"href":"https:\/\/juliette-massages.fr\/index.php\/wp-json\/wp\/v2\/pages"}],"about":[{"href":"https:\/\/juliette-massages.fr\/index.php\/wp-json\/wp\/v2\/types\/page"}],"author":[{"embeddable":true,"href":"https:\/\/juliette-massages.fr\/index.php\/wp-json\/wp\/v2\/users\/1"}],"replies":[{"embeddable":true,"href":"https:\/\/juliette-massages.fr\/index.php\/wp-json\/wp\/v2\/comments?post=5"}],"version-history":[{"count":29,"href":"https:\/\/juliette-massages.fr\/index.php\/wp-json\/wp\/v2\/pages\/5\/revisions"}],"predecessor-version":[{"id":452,"href":"https:\/\/juliette-massages.fr\/index.php\/wp-json\/wp\/v2\/pages\/5\/revisions\/452"}],"wp:attachment":[{"href":"https:\/\/juliette-massages.fr\/index.php\/wp-json\/wp\/v2\/media?parent=5"}],"curies":[{"name":"wp","href":"https:\/\/api.w.org\/{rel}","templated":true}]}}